8, 2*d = d - o - 33. Let f = 32 - d. What is the units digit of f?
8
Let a = -1 - -9. Let i(l) = -l + 5. Let h(r) = -r + 4. Let y(o) = 2*h(o) - 3*i(o). What is the units digit of y(a)?
1
Let h(s) = 6*s + 28. Let j be h(-17). Let v = j + 215. What is the tens digit of v?
4
Let w(z) = -9*z - 33. Let a be w(-15). Suppose -25 = g + 5*m - a, 0 = g - 2*m - 42. What is the tens digit of g?
5
Let b be -8*((-9)/(-6) + -2). Suppose -2*u + 5*u - 297 = -2*t, 2*u = b*t + 214. What is the tens digit of u?
0
Let h(l) = -10*l**3 + 5*l**2 - 2*l - 6. Let a be h(2). Let t = a - -169. What is the units digit of t?
9
What is the units digit of -5 + (-5 + 890 - 3)?
7
What is the tens digit of ((-31)/(-3))/((-28)/(-504))?
8
Let r(g) = -g**2. Let o(d) = d**3 - 6*d**2 + 15*d - 13. Let a(v) = -o(v) - 5*r(v). Let m be a(10). Let x = 60 + m. What is the units digit of x?
3
Let q(r) = -144*r - 10. What is the thousands digit of q(-10)?
1
Let u = -68 + 70. Suppose -4*w = -2*m - 2*w + 86, 0 = u*m - 4*w - 88. What is the units digit of m?
2
Suppose -38 = -4*h + 18. Let c = -9 + h. Suppose 60 = c*n - 235. What is the tens digit of n?
5
Let f = 291 - -27. What is the hundreds digit of f?
3
Suppose 3902 = 5*t + r - 2973, 2*t - 2747 = -r. What is the hundreds digit of t?
3
Let m = -13 + 13. Suppose 0 = 3*q - m*q - 135. Let k = -16 + q. What is the units digit of k?
9
Suppose -4*x - 12268 = -3*q, -3*q + 6638 + 5644 = 3*x. What is the hundreds digit of q?
0
Let k(p) be the first derivative of p**4/4 + 10*p**3/3 - 5*p**2/2 - 1. Let h(w) = w**2 + 5*w - 10. Let o be h(-5). What is the tens digit of k(o)?
5
Suppose -19*t = -3209 - 3327. What is the hundreds digit of t?
3
Suppose -2 = 4*h - 22, y = -2*h + 13. Suppose -2*d + 4*d - 386 = 0. What is the units digit of y/(-12) - d/(-4)?
8
Let g = 2420 - 1628. What is the units digit of g?
2
Suppose 22 = -n + 24. What is the hundreds digit of (n*-2)/4 - (-224 + 1)?
2
What is the tens digit of (3 - (4 + -1 + 1)) + 387?
8
Let p be (670*(-2)/4*1)/(-1). Let z = p + -194. What is the hundreds digit of z?
1
Let i(s) be the third derivative of s**5/30 + s**4/2 - 41*s**3/6 + 4*s**2. What is the tens digit of i(-16)?
7
Let t = 83 - -384. What is the hundreds digit of t?
4
Let u(o) = 14*o**2 - 5*o - 5. Let k be u(-4). Suppose 0*a = 2*a - c - k, -4*a + 3*c + 479 = 0. What is the tens digit of a?
1
Suppose 0 = 2*z + 4*z - 48. Suppose 58 = 5*t + z. What is the units digit of t?
0
Let a(s) be the third derivative of -s**6/120 + s**5/3 + 7*s**4/8 + 3*s**3 + 12*s**2. What is the tens digit of a(21)?
1
Let m(f) = -f - 17. Let d be m(-9). Let z be ((-4)/d)/((-2)/(-64)). Let c(w) = w**2 - 14*w + 23. What is the tens digit of c(z)?
5
Let y(c) = -c**3 - 10*c**2 - 2*c - 17. Let p be y(-10). Suppose -k - k + 4*w + 28 = 0, p*k - 42 = -2*w. What is the units digit of k?
4
Let r(h) = 14*h + 1. Let s be r(4). Let q = s + -19. Let t = -23 + q. What is the tens digit of t?
1
Suppose -4*r = 12, 99 + 244 = 2*x + r. Suppose 12*q = 13*q - x. What is the tens digit of q?
7
Let o = 1 + 56. Suppose 5*g + o = 3*l, 0*g - 17 = g + 5*l. Let h = 25 + g. What is the tens digit of h?
1
Let j(u) = u**2 + 2*u + 134. What is the units digit of j(0)?
4
Suppose 94 = 2*k - 2*n, -2*n + 8 = -0. What is the tens digit of k?
5
Let s = -56 + 94. Let r = s + -33. What is the tens digit of 77 - 6*r/10?
7
What is the tens digit of (36/(-14))/(27790/(-3969) + 7)?
5
Suppose 0*w = 3*w - 9, 5*n - 25 = -5*w. Let a be n/(3/(-6 - 0)). What is the units digit of (-2)/a + (-1)/(-2)?
1
Let g(p) = 17*p + 1. Let u be g(4). Suppose -u = -5*a + 306. What is the units digit of a?
5
Suppose -396 = -11*q + 9*q. What is the tens digit of ((-18)/(-4) + -4)*q?
9
Let y be 2/(-5) - (-84)/10. Suppose -y*g + 222 = -6*g. What is the tens digit of g?
1
What is the units digit of -205*((-1)/(-3))/((-5)/15)?
5
Let c = -13 - -13. Suppose c = 3*u - 46 - 8. What is the units digit of u?
8
Suppose -5*q = 15, -14*q = h - 17*q - 2080. What is the units digit of h?
1
Let i = 55 + 1077. What is the units digit of i?
2
Let m = 19 - 16. Let l(g) = 20 - 8*g + 3*g**3 - 4*g**m - 8*g**2 - 11. What is the units digit of l(-7)?
6
Suppose -3*p + 701 = 4*z - 564, 5*z - 1270 = -3*p. What is the tens digit of p?
1
Suppose -60 = -14*y + 20*y. What is the units digit of 146/16 - (y/16)/(-5)?
9
Suppose -a + 4*b - 2*b + 3246 = 0, 5*a = -4*b + 16216. What is the thousands digit of a?
3
Let m(s) = 10*s**2 + 4*s + 3. Let b be m(-2). Suppose -10*o = -22*o - 204. Let l = o + b. What is the units digit of l?
8
Let s(h) = 3*h**2 + 3*h + 2. Let o be s(-3). Suppose -4*t - 17 = 5*z - 1, o = 4*z - 5*t. Suppose -5*c + 84 + 46 = z. What is the units digit of c?
6
Suppose 2*o + 5*q = 533, -4*q - 328 = -2*o + 196. What is the units digit of o?
4
Let g(r) = 2*r**2 - 2*r - 24. What is the tens digit of g(-10)?
9
Let i(b) = -763*b**3 - 6*b**2 - b + 5. What is the units digit of i(-1)?
3
Suppose 2*j = -3*v - 1 - 2, -5*v = 4*j + 3. Let w = 16 + v. What is the tens digit of (0 - 4)*w/(-4)?
1
Let y = 64 + -40. What is the units digit of (-2277)/(-21) - -2 - y/(-42)?
1
What is the units digit of 4/30*(-105)/21*-678?
2
Suppose 4*r = -2*h + 20, 2*r + h - 2*h - 2 = 0. Suppose 5*t = 5*c - 10, -r*t + 6 = c + 4. Suppose -6*o + 44 = -c*o. What is the units digit of o?
1
What is the units digit of (0 - -656) + (-49 - -55)?
2
What is the thousands digit of (-1 - -3)/((-116)/(-235364))?
4
Let n be (5/(-5))/((-2)/(-144)). Let d be (-1 - 139)*n/42. What is the tens digit of 21/14*d/9?
4
Let o = -1772 - -4751. What is the hundreds digit of o?
9
Let l(u) = 15*u**2 - 5*u + 2. Let i be l(7). What is the units digit of 2/7 - -16*i/84?
4
Suppose 0 = -18*p - 29*p + 41595. What is the units digit of p?
5
Let b = 9 + -13. Let r be (b - -373) + 0 - 4. Suppose -10*v + 5*v + r = 0. What is the tens digit of v?
7
Let o = 201 - -92. Suppose -5*j = 5*w - 305, -5*w = -4*j + 3*j - o. What is the units digit of w?
9
Suppose -10*d = -0*d - 3920. What is the tens digit of d?
9
Let w(o) = 4*o + o - 3*o + 5*o + 4. Let f(v) = -8*v - 4. Let k(j) = 6*f(j) + 7*w(j). What is the units digit of k(3)?
7
Let d = -19 + 22. Suppose -3*b = 2*p - 5*p + 291, -b = d*p - 275. What is the tens digit of p?
9
Suppose 8*o = 9*o - 56. Suppose -3*h + i - 3*i = -76, -2*i - o = -3*h. What is the units digit of h?
2
Let r(t) = 4*t - 2. Let s be r(8). Suppose 10*n - 5*n - s = 0. Suppose -2*h + n*h = 84. What is the units digit of h?
1
Suppose -3*z - 406 = -5*z. Let j = z - 135. What is the tens digit of j?
6
Let j = 244 + -138. Let y = j - 3. What is the tens digit of y?
0
Let b = -30 + 23. Let i(k) = -8*k - 2*k - k**2 - 1 - 2*k. What is the tens digit of i(b)?
3
Let j = 201 + 64. Let v = -116 + j. What is the hundreds digit of v?
1
Let v be 22/6*(-1 + -2). Let x = v + 13. Suppose -3*j + 91 = -4*q, 0*j = -x*j - 3*q + 55. What is the units digit of j?
9
Let t(u) = -u**3 + 18*u**2 - 37*u + 95. What is the tens digit of t(16)?
1
Let r(q) = 17*q**2 - 15 + 62*q**3 + 19*q - 5*q - 61*q**3. What is the tens digit of r(-16)?
1
Let f = -3907 + 6723. Suppose -f = -14*x + 3*x. What is the tens digit of x?
5
Let m(p) = 10*p**3 + 1. Let u be m(-3). Let h = u + 468. What is the tens digit of h?
9
Suppose 0*i + 16 = 4*i. Suppose h - 58 = -y, -2*h - 4 = -i*h. What is the units digit of y?
6
Suppose 0 = 6*f + 6 + 60. Let j(i) = -5*i + 1. Let z be j(-4). Let o = z + f. What is the units digit of o?
0
Let m(j) = 4*j**3 - j**2 + 6*j - 7. Let d be 4/(-10) + (-36)/(-15). What is the tens digit of m(d)?
3
Let l(d) = 2*d**3 - 4*d**2 + 6*d - 14. Suppose 3*u + 3 - 10 = -5*o, -3*o - 7 = -u. What is the tens digit of l(u)?
7
Let w(i) = 44*i**2 + 6*i - 40. What is the tens digit of w(5)?
9
Let k(b) = -b**2 + 9*b - 4. Let m(a) = 3*a**2 - 27*a + 13. Let x(n) = -7*k(n) - 2*m(n). Let d be x(8). What is the tens digit of (d/4)/(3/(-42))?
2
Suppose -x + 4*v + 5329 = 0, 8*v = -3*x + 10*v + 16037. What is the units digit of x?
9
Suppose 4*l - 31 + 7 = 0. Suppose -5*p = -l*p + 5*a + 32, 2*a + 91 = 5*p. What is the tens digit of p?
1
Let k(p) = 5*p**2 + 12*p + 16. What is the units digit of k(-9)?
3
Let j(y) = -25*y + 33. Let p be (-4*(-40)/(-48))/(2/3). What is the tens digit of j(p)?
5
Let u = 10755 - 6880. What is the units digit of u?
5
Suppose -2*z = -3*h -